i = 0. Suppose 5*h - 3*c - r = 439, 5*h + 4*c = 745. Is h a prime number?
False
Suppose -2*r + r + 8 = w, 5*w = -3*r + 32. Is 2139/12 + (-5)/w composite?
True
Let t be 6/15 + 667/(-5). Let r = t - -60. Let c = 190 - r. Is c a composite number?
False
Let u = -10934 + 17739. Is u composite?
True
Let o(y) = -y**2 - 2*y - 2. Let j be o(-2). Let w be 665/10*j*1. Is w/(-4) - (-7)/(-28) prime?
False
Let f = 11 - 11. Suppose f = 4*r + 4090 + 1178. Let k = -872 - r. Is k a prime number?
False
Let k(q) = -2*q**2 + 2 - 21*q**3 + 55*q**3 - 5 + 4. Is k(3) a composite number?
True
Let g(t) be the third derivative of 3*t**4/8 + t**3/2 + 4*t**2. Let f be g(-5). Is 2810/14 - 12/f prime?
False
Let k = -5035 + 13054. Suppose -697 = -4*y + k. Is y a prime number?
True
Suppose -3*y = x - 199, 5*x + 185 = -5*y + 520. Suppose -r = -172 - y. Suppose 3*f - 5*q - 357 = 0, -4*q - r = -2*f - 0*q. Is f a composite number?
True
Let w(p) = -p**3 + 4*p. Let a be w(-3). Is (a/(-10))/(2/(-4852)*3) composite?
False
Suppose -m - 2*y = -61, 12*m - 98 = 10*m + 4*y. Is m a prime number?
False
Let d(o) = -o**3 + o**2 - o + 14. Let y be d(0). Is 3674/y + 12/21 composite?
False
Let q = 15898 - 9592. Suppose j + 2*j + 4197 = 2*d, j + q = 3*d. Is d a prime number?
False
Let d = -972 - -1751. Is d a prime number?
False
Let i(u) = -u**3 + 23*u**2 + 3*u - 18. Let d be i(17). Suppose 0 = -4*f + 687 - d. Let p = -83 - f. Is p a prime number?
False
Let g(c) = -211*c**3 + c**2 - 15*c - 40. Is g(-3) prime?
True
Suppose -4 = -4*d + 8. Suppose -i - d*m - 2*m - 20 = 0, -m - 4 = 4*i. Is 253 + i + 3 + -3 a composite number?
True
Suppose -5*y - 3672 = 3298. Is (-3)/(-15)*5 - 2*y a composite number?
False
Suppose -4*z + 3*o + 16 = -3*z, 18 = 3*z - 3*o. Let h = z - -5. Suppose q + 5*g = 69, -q - 368 = -h*q - 2*g. Is q prime?
False
Let a(h) = 176*h + 1. Let o be a(1). Suppose f - o = -2*f. Is f prime?
True
Suppose 4180 = 5*c - 85. Is c prime?
True
Let j be (-50)/3*((-165)/10)/11. Suppose -j*g + 24*g = -1267. Is g composite?
True
Let g be (-313)/(-1) - (-4)/4. Let s = g + -217. Is s a composite number?
False
Let h(v) = 13*v + 21. Let x be h(-13). Let u = x + 1545. Is u composite?
True
Suppose k - 3657 - 9298 = 0. Is k prime?
False
Suppose -w = 1212 - 76. Let s(d) = d**2 - d + 2. Let m be s(0). Is (-1)/(m*4/w) composite?
True
Let w = -57 - -32. Let t = -31 - w. Let v(a) = -33*a + 7. Is v(t) a prime number?
False
Let r(x) = -2*x - 2. Let u be r(-4). Suppose 3*y - u*y - 6 = 0. Let a(c) = -19*c**3 + 3*c**2 + 2*c + 1. Is a(y) composite?
True
Suppose -8*u - 42 = -2*u. Is (u/(63/582))/(4/(-78)) a prime number?
False
Let v(k) = -k + 4. Let u be v(10). Let m(c) = -c**3 - 4*c**2 + 6*c + 10. Is m(u) a prime number?
False
Let k(m) = m**3 + 23*m**2 + 4*m - 5. Is k(-22) a prime number?
False
Let u(z) = z + 5. Let x be u(0). Suppose 4*a + r - 6811 = 0, 0 = -x*r + 4*r - 1. Is a a composite number?
True
Let s(o) = -588*o - 55. Let b = -71 - -66. Is s(b) composite?
True
Suppose -6 = -p + d, -d = 2*p - 4*d - 17. Suppose 0*r - r = p. Is 4*r - -3 - -264 composite?
False
Suppose -8*r = -103852 + 8228. Is r a prime number?
True
Suppose -3*a + 4*r + 5091 = 0, -4*a + 3*a + 4*r + 1705 = 0. Is a a composite number?
False
Let n = 147 - 399. Let y = n + 518. Suppose 3*m - 2*m + 3*a = y, -5*m = -4*a - 1311. Is m composite?
False
Let w be (-3)/6*(7 + -13). Suppose 0 = w*j - j. Suppose j = 5*u - 349 - 2886. Is u composite?
False
Suppose 9*z - 27016 = 2513. Suppose z = 3*q - 928. Is q prime?
False
Let g be (-2 - 18)*61/(-1). Let r = g + -565. Suppose 4*c - r = -c. Is c a prime number?
True
Is 12/3 + -11 + 19304 composite?
True
Let z(j) = -448*j + 13. Let b(l) = l**3 - 6*l**2 + 9*l - 27. Let c be b(5). Is z(c) prime?
False
Suppose -23 = -13*w + 68. Let i(a) = 3*a**3 + 10*a**2 + 3*a - 23. Is i(w) prime?
False
Suppose -a - 3*q - 3675 = -37223, -3*a - q = -100684. Is a a composite number?
False
Let i = -32 + 52. Suppose i*d - 24*d = -1460. Is d a prime number?
False
Suppose 2*t + 2*t = 0. Let o(d) = 14372*d**2 - d - 14372*d**2 + 337 + d**3. Is o(t) a composite number?
False
Suppose n - 1530 = 4*q - 12575, -3*n = 5*q - 13802. Is q composite?
True
Suppose 0*s - s = -1361. Is s composite?
False
Let j(l) = 7*l - 16. Let n be j(3). Is 1 + 34010/25 + (-2)/n a prime number?
True
Let b be 30/(-4) + ((-30)/(-4))/5. Is 2/11 - ((-515)/11 + b) a composite number?
False
Let a = -44159 + 63994. Is a prime?
False
Let k = 368 - 121. Is k a composite number?
True
Let o be 2/(-4)*(2 - 2). Suppose o = -5*q + 3*a - 70, 3*a + 28 = -2*q + 2*a. Let d = q + 20. Is d prime?
False
Suppose 0 = v - 0*v - 24. Suppose t - v = -4. Suppose -2*x + x + t = 5*i, x - 17 = -2*i. Is x a prime number?
False
Let p be 4/14 + 52/14. Suppose -4*k - 2*f = -5454, 0*k - p*k + 5439 = -f. Is k a composite number?
False
Suppose -46665 = -4*b + 5*f, -5*f + 2*f = b - 11662. Is b prime?
False
Let b = 373 + -267. Is b a prime number?
False
Suppose 4*j + 6*j - 20 = 0. Is 178*5 + -1 + j/(-1) a prime number?
True
Let z(t) = 5*t**3 - 17*t**2 + 19*t - 18. Is z(11) a prime number?
True
Let h = 78 - 79. Is (282 - -5) + (1 + h)/1 a composite number?
True
Let t be (2*-2)/(8/16*-4). Suppose -3*v + i = 6*i - 1139, -762 = -t*v - 4*i. Is v a prime number?
True
Suppose -13*l - 51580 = -33*l. Is l composite?
False
Let d(l) = -4150*l**3 + 2*l**2 + 3*l + 2. Is d(-1) composite?
True
Let i be 18/(3/1)*(-50)/15. Is (4/(-14) + i/28)*-2033 a composite number?
True
Suppose -2*z = z + 5*i - 29, -2*i + 2 = -2*z. Suppose -3*d + z*f + 4951 - 1471 = 0, 0 = 2*d - f - 2323. Is d a prime number?
True
Suppose -2*c + 993 = -n - 2079, 3088 = 2*c + 3*n. Is c a composite number?
True
Suppose 7*o - 5071 = 865. Suppose 2*q - 1386 = o. Is q prime?
True
Let r(s) = -1357*s + 19. Is r(-4) a composite number?
True
Let o(x) = -4*x**2 - x**3 + 2*x**3 + 9 - 13*x - 6*x**2 + 2. Suppose 18 = 2*r - 6. Is o(r) prime?
False
Is 2 + 2 + 1 - (-61 - 3133) composite?
True
Let i = 889 - 905. Let j(q) = -5*q**2 + 64*q - 92. Let b(p) = -p**2 + 16*p - 23. Let g(z) = -9*b(z) + 2*j(z). Is g(i) composite?
False
Let c = 8 + -9. Let p = c - -3. Let f(a) = 43*a - 3. Is f(p) a composite number?
False
Suppose -k + 6*k = -80. Let w(f) = -f**3 - 9*f**2 + 34*f + 9. Is w(k) composite?
True
Let f(d) = -d**2 - 13*d - 32. Let y be f(-4). Is 10251/3 + y*-1 composite?
False
Suppose 0 = -3*w - 15, 3*v + 2*w = 8*v - 40905. Is v prime?
True
Let g be 5047 + (1 - (-2 + 5)). Suppose w + g = 6*w. Is w prime?
True
Let v(m) = 17*m - 21. Let z be v(2). Suppose z = 4*l - 4*b - 11, -4*l + 3*b = -27. Is l a prime number?
False
Let x = -2901 + 10162. Is x a composite number?
True
Let g(p) be the first derivative of 49*p**3/3 + 5*p**2/2 - 31*p + 29. Is g(6) prime?
False
Suppose 3*r - 1210 = -7*r. Is r a composite number?
True
Suppose 876331 - 353943 = 4*c. Is c prime?
False
Suppose 2*l + 290 = 438. Is l composite?
True
Suppose -11*p + 3 = -14*p. Is (0 + p - 0)*-43 composite?
False
Suppose x - 45 = -5*f + f, 3*f - 20 = 2*x. Suppose 4*a - 16 = 2*j, -a + 2*j = 5*j + f. Let i(g) = 103*g**2 + 5*g - 7. Is i(a) a prime number?
False
Suppose -5*v = 2*p - 7930, 2*v + 5*p = 3*p + 3172. Suppose 4*d - 4542 = -v. Is d prime?
True
Let m = 4 + -1. Suppose -4*u - 20 = -3*b, b + m*b - 14 = -u. Suppose -b*x = 3*t - 775, 2*t + 3*t + x - 1320 = 0. Is t composite?
True
Let v(j) = j - 3. Let o be v(1). Is o/15 + 37008/135 a prime number?
False
Let t = 2738 - 255. Is t a composite number?
True
Let a be (8/4 + -2)/(-2). Suppose a = -h + 2*h - 191. Is h composite?
False
Let q = -169 - -308. Is q prime?
True
Suppose 37 = 15*a + 7. Suppose 4*z + y - 1006 = 0, -a*z + 332 + 168 = -y. Is z a prime number?
True
Suppose -6 = 2*l + 3*d - 2, -2*d = 2*l. Suppose 3*b - l - 11 = 0, -3*a + 5*b + 6926 = 0. Is a a composite number?
True
Let c(t) = -t**3 - 3*t**2 - 6*t - 9. Let k be c(-9). Let h = k - 32. Let p = h - 288. Is p a composite number?
False
Is ((-1554)/(-63))/((-4)/(-534)) a composite number?
True
Let s = 7 - 8. Let z be (-3)/(-9)*s*33. Let d = -4 - z. Is d a composite number?
False
Suppose 4791 + 11827 = 14*z. Is z composite?
False
Let f(v) = -12*v - 29. Let z be f(-6). Suppose 44*n - z*n - 2051 = 0. Is n prime?
False
Suppose -15*a + 136471 - 43576 = 0. Is a composite?
True
Is (-33)/(6/(-3890)*5) composite